{"id":115,"date":"2021-07-29T06:19:09","date_gmt":"2021-07-29T06:19:09","guid":{"rendered":"http:\/\/vanes.ch\/?page_id=115"},"modified":"2021-10-05T06:42:19","modified_gmt":"2021-10-05T06:42:19","slug":"mein-buch","status":"publish","type":"page","link":"https:\/\/vanes.ch\/?page_id=115","title":{"rendered":"Mein Buch"},"content":{"rendered":"\n<div class=\"wp-block-columns is-layout-flex wp-container-core-columns-is-layout-8f761849 wp-block-columns-is-layout-flex\">\n<div class=\"wp-block-column is-layout-flow wp-block-column-is-layout-flow\">\n<figure class=\"wp-block-image size-large\"><img loading=\"lazy\" decoding=\"async\" width=\"699\" height=\"1024\" src=\"http:\/\/vanes.ch\/wp-content\/uploads\/2021\/07\/Foto-vom-Buchdeckel-699x1024.jpg\" alt=\"\" class=\"wp-image-220\" srcset=\"https:\/\/vanes.ch\/wp-content\/uploads\/2021\/07\/Foto-vom-Buchdeckel-699x1024.jpg 699w, https:\/\/vanes.ch\/wp-content\/uploads\/2021\/07\/Foto-vom-Buchdeckel-205x300.jpg 205w, https:\/\/vanes.ch\/wp-content\/uploads\/2021\/07\/Foto-vom-Buchdeckel-768x1125.jpg 768w, https:\/\/vanes.ch\/wp-content\/uploads\/2021\/07\/Foto-vom-Buchdeckel-1048x1536.jpg 1048w, https:\/\/vanes.ch\/wp-content\/uploads\/2021\/07\/Foto-vom-Buchdeckel-1398x2048.jpg 1398w, https:\/\/vanes.ch\/wp-content\/uploads\/2021\/07\/Foto-vom-Buchdeckel-scaled.jpg 1747w\" sizes=\"auto, (max-width: 699px) 100vw, 699px\" \/><\/figure>\n<\/div>\n\n\n\n<div class=\"wp-block-column is-layout-flow wp-block-column-is-layout-flow\">\n<p class=\"has-text-align-center wp-block-paragraph\">Die B\u00fccher von Jane Roberts \u00fcber die Wesenheit Seth, dem sie gechannelt hat, sind sehr inspirierend. Einfach sind sie aber nicht und daher habe ich versucht eine Reihe von neun B\u00fccher, namentlich \u00abDie fr\u00fche Sitzungen\u00bb zusammenzufassen und thematisch zu gliedern. Seth seinen Welterkl\u00e4rungen sind spannend in sich stimmig und teilweise mit der modernen Physik vergleichbar.<\/p>\n\n\n\n<p class=\"has-text-align-center wp-block-paragraph\">Dieses Buch hat ein klares Ziel: Es soll eine Nachschlagehilfe beim Lesen der Seth-B\u00fccher sein. Es ersetzt diese in keiner Weise, aber im Dickicht der unbekannten Begriffe und Theorien kann man zwischendurch die vergessenen Konzepte wieder auffrischen.<\/p>\n\n\n\n<p class=\"has-text-align-center wp-block-paragraph\">Das Buch bezieht sich auf die neun B\u00e4nde der \u00abFr\u00fchen Sitzungen\u00bb und ist somit nicht vollst\u00e4ndig in seinen Begriff-Erkl\u00e4rungen. In diesen fr\u00fchen Sitzungen sind aber sehr viele Basis Begriffe von Seths Theorien enthalten und somit kann dieses Buch auch bei den anderen Seth B\u00fcchern unterst\u00fctzen. Es ist so geschrieben, dass man es auch als Text durchlesen und eine \u00dcbersicht \u00fcber Seths Philosophie gewinnen kann.<\/p>\n\n\n\n<p class=\"has-text-align-center wp-block-paragraph\">Das Buch ist so konzipiert, dass es viele Verweise zu den betreffenden Stellen in den \u00abFr\u00fchen Sitzungen\u00bb und viele Querverweise zu den Kapiteln im Buch selber gibt. Am Ende des Buches hilft ein Stichwortregister die entsprechenden Kapitel zu finden und von dort auch die Stellen in Seths B\u00fcchern.<\/p>\n\n\n\n<p class=\"has-text-align-center wp-block-paragraph\">Als Autorin hoffe ich etwas mehr Licht in Seths spannende, aber komplexe Theorien zu bringen. Was mir ein Bed\u00fcrfnis war, ist vielleicht auch f\u00fcr andere hilfreich. Das Buch ist als E-Book bei Amazon.de erh\u00e4ltlich<\/p>\n<\/div>\n<\/div>\n\n\n\n<div class=\"wp-block-columns is-layout-flex wp-container-core-columns-is-layout-8f761849 wp-block-columns-is-layout-flex\">\n<div class=\"wp-block-column is-layout-flow wp-block-column-is-layout-flow\">\n<div data-wp-interactive=\"core\/file\" class=\"wp-block-file\"><object data-wp-bind--hidden=\"!state.hasPdfPreview\" hidden class=\"wp-block-file__embed\" data=\"http:\/\/vanes.ch\/wp-content\/uploads\/2021\/07\/Einleitung-Buch.pdf\" type=\"application\/pdf\" style=\"width:100%;height:600px\" aria-label=\"Einbettung von Einbettung von Einleitung..\"><\/object><a href=\"http:\/\/vanes.ch\/wp-content\/uploads\/2021\/07\/Einleitung-Buch.pdf\">Einleitung<\/a><a href=\"http:\/\/vanes.ch\/wp-content\/uploads\/2021\/07\/Einleitung-Buch.pdf\" class=\"wp-block-file__button\" download>Herunterladen<\/a><\/div>\n<\/div>\n<\/div>\n","protected":false},"excerpt":{"rendered":"<p>Die B\u00fccher von Jane Roberts \u00fcber die Wesenheit Seth, dem sie gechannelt hat, sind sehr inspirierend. Einfach sind sie aber nicht und daher habe ich versucht eine Reihe von neun B\u00fccher, namentlich \u00abDie fr\u00fche Sitzungen\u00bb zusammenzufassen und thematisch zu gliedern. Seth seinen Welterkl\u00e4rungen sind spannend in sich stimmig und teilweise mit der modernen Physik vergleichbar. &hellip; <\/p>\n<p class=\"link-more\"><a href=\"https:\/\/vanes.ch\/?page_id=115\" class=\"more-link\">Mehr <span class=\"screen-reader-text\">\u00fcber &#8222;Mein Buch&#8220; <\/span>Lesen<\/a><\/p>\n","protected":false},"author":1,"featured_media":47,"parent":0,"menu_order":0,"comment_status":"closed","ping_status":"closed","template":"","meta":{"ngg_post_thumbnail":0,"footnotes":""},"class_list":["post-115","page","type-page","status-publish","has-post-thumbnail","hentry"],"_links":{"self":[{"href":"https:\/\/vanes.ch\/index.php?rest_route=\/wp\/v2\/pages\/115","targetHints":{"allow":["GET"]}}],"collection":[{"href":"https:\/\/vanes.ch\/index.php?rest_route=\/wp\/v2\/pages"}],"about":[{"href":"https:\/\/vanes.ch\/index.php?rest_route=\/wp\/v2\/types\/page"}],"author":[{"embeddable":true,"href":"https:\/\/vanes.ch\/index.php?rest_route=\/wp\/v2\/users\/1"}],"replies":[{"embeddable":true,"href":"https:\/\/vanes.ch\/index.php?rest_route=%2Fwp%2Fv2%2Fcomments&post=115"}],"version-history":[{"count":6,"href":"https:\/\/vanes.ch\/index.php?rest_route=\/wp\/v2\/pages\/115\/revisions"}],"predecessor-version":[{"id":258,"href":"https:\/\/vanes.ch\/index.php?rest_route=\/wp\/v2\/pages\/115\/revisions\/258"}],"wp:featuredmedia":[{"embeddable":true,"href":"https:\/\/vanes.ch\/index.php?rest_route=\/wp\/v2\/media\/47"}],"wp:attachment":[{"href":"https:\/\/vanes.ch\/index.php?rest_route=%2Fwp%2Fv2%2Fmedia&parent=115"}],"curies":[{"name":"wp","href":"https:\/\/api.w.org\/{rel}","templated":true}]}}

<div class="wp-block-columns is-layout-flex wp-container-core-columns-is-layout-8f761849 wp-block-columns-is-layout-flex">
<div class="wp-block-column is-layout-flow wp-block-column-is-layout-flow">
<figure class="wp-block-image size-large"><img loading="lazy" decoding="async" width="699" height="1024" src="http://vanes.ch/wp-content/uploads/2021/07/Foto-vom-Buchdeckel-699x1024.jpg" alt="" class="wp-image-220" srcset="https://vanes.ch/wp-content/uploads/2021/07/Foto-vom-Buchdeckel-699x1024.jpg 699w, https://vanes.ch/wp-content/uploads/2021/07/Foto-vom-Buchdeckel-205x300.jpg 205w, https://vanes.ch/wp-content/uploads/2021/07/Foto-vom-Buchdeckel-768x1125.jpg 768w, https://vanes.ch/wp-content/uploads/2021/07/Foto-vom-Buchdeckel-1048x1536.jpg 1048w, https://vanes.ch/wp-content/uploads/2021/07/Foto-vom-Buchdeckel-1398x2048.jpg 1398w, https://vanes.ch/wp-content/uploads/2021/07/Foto-vom-Buchdeckel-scaled.jpg 1747w" sizes="auto, (max-width: 699px) 100vw, 699px" /></figure>
</div>



<div class="wp-block-column is-layout-flow wp-block-column-is-layout-flow">
<p class="has-text-align-center wp-block-paragraph">Die Bücher von Jane Roberts über die Wesenheit Seth, dem sie gechannelt hat, sind sehr inspirierend. Einfach sind sie aber nicht und daher habe ich versucht eine Reihe von neun Bücher, namentlich «Die frühe Sitzungen» zusammenzufassen und thematisch zu gliedern. Seth seinen Welterklärungen sind spannend in sich stimmig und teilweise mit der modernen Physik vergleichbar.</p>



<p class="has-text-align-center wp-block-paragraph">Dieses Buch hat ein klares Ziel: Es soll eine Nachschlagehilfe beim Lesen der Seth-Bücher sein. Es ersetzt diese in keiner Weise, aber im Dickicht der unbekannten Begriffe und Theorien kann man zwischendurch die vergessenen Konzepte wieder auffrischen.</p>



<p class="has-text-align-center wp-block-paragraph">Das Buch bezieht sich auf die neun Bände der «Frühen Sitzungen» und ist somit nicht vollständig in seinen Begriff-Erklärungen. In diesen frühen Sitzungen sind aber sehr viele Basis Begriffe von Seths Theorien enthalten und somit kann dieses Buch auch bei den anderen Seth Büchern unterstützen. Es ist so geschrieben, dass man es auch als Text durchlesen und eine Übersicht über Seths Philosophie gewinnen kann.</p>



<p class="has-text-align-center wp-block-paragraph">Das Buch ist so konzipiert, dass es viele Verweise zu den betreffenden Stellen in den «Frühen Sitzungen» und viele Querverweise zu den Kapiteln im Buch selber gibt. Am Ende des Buches hilft ein Stichwortregister die entsprechenden Kapitel zu finden und von dort auch die Stellen in Seths Büchern.</p>



<p class="has-text-align-center wp-block-paragraph">Als Autorin hoffe ich etwas mehr Licht in Seths spannende, aber komplexe Theorien zu bringen. Was mir ein Bedürfnis war, ist vielleicht auch für andere hilfreich. Das Buch ist als E-Book bei Amazon.de erhältlich</p>
</div>
</div>



<div class="wp-block-columns is-layout-flex wp-container-core-columns-is-layout-8f761849 wp-block-columns-is-layout-flex">
<div class="wp-block-column is-layout-flow wp-block-column-is-layout-flow">
<div data-wp-interactive="core/file" class="wp-block-file"><object data-wp-bind--hidden="!state.hasPdfPreview" hidden class="wp-block-file__embed" data="http://vanes.ch/wp-content/uploads/2021/07/Einleitung-Buch.pdf" type="application/pdf" style="width:100%;height:600px" aria-label="Einbettung von Einbettung von Einleitung.."></object><a href="http://vanes.ch/wp-content/uploads/2021/07/Einleitung-Buch.pdf">Einleitung</a><a href="http://vanes.ch/wp-content/uploads/2021/07/Einleitung-Buch.pdf" class="wp-block-file__button" download>Herunterladen</a></div>
</div>
</div>

<p>Die Bücher von Jane Roberts über die Wesenheit Seth, dem sie gechannelt hat, sind sehr inspirierend. Einfach sind sie aber nicht und daher habe ich versucht eine Reihe von neun Bücher, namentlich «Die frühe Sitzungen» zusammenzufassen und thematisch zu gliedern. Seth seinen Welterklärungen sind spannend in sich stimmig und teilweise mit der modernen Physik vergleichbar. &hellip; </p>
<p class="link-more"><a href="https://vanes.ch/?page_id=115" class="more-link">Mehr <span class="screen-reader-text">über &#8222;Mein Buch&#8220; </span>Lesen</a></p>
